{"id":22,"date":"2016-05-14T20:45:53","date_gmt":"2016-05-14T20:45:53","guid":{"rendered":"http:\/\/hundeschule-dreamteam.eu\/?page_id=22"},"modified":"2026-04-09T10:10:05","modified_gmt":"2026-04-09T10:10:05","slug":"welpen-und-junghunde","status":"publish","type":"page","link":"http:\/\/hundeschule-dreamteam.eu\/?page_id=22","title":{"rendered":"Welpen und Junghunde"},"content":{"rendered":"<p><strong>NEUE KURSZEITEN F\u00dcR DIE WELPEN<\/strong>: Derzeit findet der\u00a0 Welpenkurs donnerstags um 16.00 Uhr statt. <strong>Anfragen zum schnuppern\u00a0 gerne per Mail.\u00a0<\/strong><\/p>\n<p>Welpen k\u00f6nnen ab der 9. Lebenswoche in meinen Kurs kommen, der Junghundekurs ist f\u00fcr die schon etwas weiter entwickelten Hunde (etwa ab der 16. Lebenswoche).<\/p>\n<h5>Die Schwerpunkte in beiden Kursen sind:<\/h5>\n<ul>\n<li>das gemeinsame Spiel der Hunde &#8211; wobei besonderes Augenmerk darauf gelegt wird, da\u00df hier nicht &#8222;das Recht des St\u00e4rkeren&#8220; herrscht,<\/li>\n<li>das Erlernen der ersten Gehorsams\u00fcbungen (Sitz, Platz, Bleib, Hier, Leinegehen),<\/li>\n<li>wichtige \u00dcbungen f\u00fcr den Alltag: Ruhe-\u00dcbung, Kommando &#8222;Aus&#8220;, &#8222;Brings&#8220; und &#8222;Nein&#8220;,<\/li>\n<li>das Kennenlernen ungew\u00f6hnlicher Dinge (z.B. Regenschirm, ungew\u00f6hnliche Person, unbekannte Untergr\u00fcnde, diverse Ger\u00e4usche),<\/li>\n<li>Koordinations-\u00dcbungen (\u00fcber niedrige Stangen steigen, Leitergehen, Welpenwippe),<\/li>\n<li>umfassende Informationen f\u00fcr &#8222;das andere Ende der Leine&#8220; zu den Themen: K\u00f6rpersprache des Hundes; wie lernt der Hund; wie kann man Jagdverhalten kontrollieren; Lob &amp; Strafe; artgerechte Besch\u00e4ftigung.<\/li>\n<\/ul>\n<h5>Was Sie zum Kurs mitbringen sollten:<\/h5>\n<ul>\n<li>Impfpass (nur zum ersten Besuch)<\/li>\n<li>Halsband + Brustgeschirr + Leine (keine Flexileine)<\/li>\n<li>Leckerchen oder Futter<\/li>\n<li>Decke und\/oder Handtuch f\u00fcr witterungsempfindliche Hunde<\/li>\n<li>&#8230;auch Sie sollten f\u00fcr alle F\u00e4lle gut ger\u00fcstet sein.<\/li>\n<\/ul>\n<p>[supsystic-gallery id=12]<\/p>\n<p><strong>Kurszeiten:\u00a0<\/strong><\/p>\n<ul>\n<li><span style=\"-webkit-tap-highlight-color: rgba(0, 0, 0, 0);\"><strong>Welpen:<\/strong> Freitag 15.00 Uhr\u00a0\u00a0<\/span><\/li>\n<li><strong>Junghunde: :<\/strong> Freitag 16.30\u00a0 Uhr<\/li>\n<\/ul>\n<p><em>Kursgeb\u00fchr Welpen\/Junghunde 210 \u20ac\/8-er Karte<\/em><\/p>\n<p>Die Karteng\u00fcltigkeit betr\u00e4gt 3 Monate ab Ausstellungsdatum.<br \/>\nEine kostenlose Schnupperstunde ist jederzeit m\u00f6glich. Ich bitte aber um <strong>vorherige Anmeldung<\/strong> per Mail.<\/p>\n","protected":false},"excerpt":{"rendered":"<p>NEUE KURSZEITEN F\u00dcR DIE WELPEN: Derzeit findet der\u00a0 Welpenkurs donnerstags um 16.00 Uhr statt. Anfragen zum schnuppern\u00a0 gerne per Mail.\u00a0 Welpen k\u00f6nnen ab der 9. Lebenswoche in meinen Kurs kommen, der Junghundekurs ist f\u00fcr die schon etwas weiter entwickelten Hunde (etwa ab der 16. Lebenswoche). Die Schwerpunkte in beiden Kursen sind: das gemeinsame Spiel der [&hellip;]<\/p>\n","protected":false},"author":1,"featured_media":1079,"parent":9,"menu_order":0,"comment_status":"closed","ping_status":"closed","template":"","meta":[],"_links":{"self":[{"href":"http:\/\/hundeschule-dreamteam.eu\/index.php?rest_route=\/wp\/v2\/pages\/22"}],"collection":[{"href":"http:\/\/hundeschule-dreamteam.eu\/index.php?rest_route=\/wp\/v2\/pages"}],"about":[{"href":"http:\/\/hundeschule-dreamteam.eu\/index.php?rest_route=\/wp\/v2\/types\/page"}],"author":[{"embeddable":true,"href":"http:\/\/hundeschule-dreamteam.eu\/index.php?rest_route=\/wp\/v2\/users\/1"}],"replies":[{"embeddable":true,"href":"http:\/\/hundeschule-dreamteam.eu\/index.php?rest_route=%2Fwp%2Fv2%2Fcomments&post=22"}],"version-history":[{"count":26,"href":"http:\/\/hundeschule-dreamteam.eu\/index.php?rest_route=\/wp\/v2\/pages\/22\/revisions"}],"predecessor-version":[{"id":1575,"href":"http:\/\/hundeschule-dreamteam.eu\/index.php?rest_route=\/wp\/v2\/pages\/22\/revisions\/1575"}],"up":[{"embeddable":true,"href":"http:\/\/hundeschule-dreamteam.eu\/index.php?rest_route=\/wp\/v2\/pages\/9"}],"wp:featuredmedia":[{"embeddable":true,"href":"http:\/\/hundeschule-dreamteam.eu\/index.php?rest_route=\/wp\/v2\/media\/1079"}],"wp:attachment":[{"href":"http:\/\/hundeschule-dreamteam.eu\/index.php?rest_route=%2Fwp%2Fv2%2Fmedia&parent=22"}],"curies":[{"name":"wp","href":"https:\/\/api.w.org\/{rel}","templated":true}]}}