{"id":102,"date":"2016-07-26T13:47:18","date_gmt":"2016-07-26T13:47:18","guid":{"rendered":"http:\/\/hundeschule-dreamteam.eu\/?page_id=102"},"modified":"2016-08-22T19:32:22","modified_gmt":"2016-08-22T19:32:22","slug":"agbs","status":"publish","type":"page","link":"http:\/\/hundeschule-dreamteam.eu\/?page_id=102","title":{"rendered":"AGBs"},"content":{"rendered":"<h5>Allgemeine Gesch\u00e4ftsbedingungen<\/h5>\n<ol>\n<li>Am Training teilnehmen k\u00f6nnen nur Hunde, deren Schutzimpfung vorher nachgewiesen wurde, und zwar gegen Tollwut, Parvovirose, Staupe, Hepatitis und Leptospirose, m\u00f6glichst auch Zwingerhusten. F\u00fcr die Welpenkurse sind die dem Alter angemessenen Impfungen nachzuweisen.<\/li>\n<li>Der\/die Unterzeichnende versichert, dass eine g\u00fcltige Haftpflichtversicherung f\u00fcr den Hund besteht. Der\/die Hundehalter\/in haftet f\u00fcr alle von seinem\/ihrem Hund w\u00e4hrend der Ausbildung verursachten Sch\u00e4den. Der\/die Unterzeichnende verpflichtet sich auch, die Haftung im Schadensfall pers\u00f6nlich zu \u00fcbernehmen, wenn ein Dritter f\u00fcr ihn an dieser Ausbildung teilnimmt.<\/li>\n<li>Es gilt als vereinbart, dass die Hundeschule DreamTeam keine Haftung f\u00fcr Personen-, Sach- oder Verm\u00f6genssch\u00e4den, die durch die Anwendung der gezeigten \u00dcbungen entstehen, \u00fcbernimmt. Ebenso \u00fcbernimmt die Hundeschule DreamTeam keine Haftung f\u00fcr Sch\u00e4den, die durch teilnehmende Hunde entstehen. Der\/die unterzeichnende Teilnehmer\/in wird jeglichen Begleitpersonen von dem Haftungsausschluss in Kenntnis setzen. Die Teilnahme oder der Besuch der Trainings- und Beratungsstunden erfolgt auf eigenes Risiko.<\/li>\n<li>Eine Bezahlung der Geb\u00fchr bei Gruppen-Kursen (10-er bzw. 8-er-Karte) wird sp\u00e4testens vor Beginn der 2. Stunde zu 100 % f\u00e4llig. Einzelstunden sind jeweils am Ende der Stunde zu bezahlen.<\/li>\n<li>Eine Absage oder Verschiebung eines vereinbarten Einzeltermins muss mindestens 24 Stunden vorher durch den Teilnehmer erfolgen. Erfolgt dies nicht oder sp\u00e4ter, wird die Unterrichtsstunde voll angerechnet.<\/li>\n<li>Die Hundeschule DreamTeam beh\u00e4lt sich vor, in dringenden F\u00e4llen die Gruppen- oder Einzelstunden abzusagen. Dieser Unterricht wird selbstverst\u00e4ndlich nachgeholt oder nicht berechnet.<\/li>\n<li>Bei vorzeitigem Kursabbruch durch den\/die Teilnehmer\/in werden keine Kursgeb\u00fchren erstattet. Bei Nichterscheinen zum Kurs verf\u00e4llt die Stunde zu Lasten des \/der Kursteilnehmer\/in.<\/li>\n<li>Die Hundeschule DreamTeam beh\u00e4lt sich vor, den Unterricht nach eigenem Ermessen abzubrechen. Die Unterrichtsgeb\u00fchr wird in diesen F\u00e4llen anteilig zur\u00fcckerstattet.<\/li>\n<li>Sollten einzelne Klauseln der Gesch\u00e4ftsbedingungen rechtsunwirksam sein, so bleiben die \u00fcbrigen Punkte hiervon unber\u00fchrt.<\/li>\n<\/ol>\n","protected":false},"excerpt":{"rendered":"<p>Allgemeine Gesch\u00e4ftsbedingungen Am Training teilnehmen k\u00f6nnen nur Hunde, deren Schutzimpfung vorher nachgewiesen wurde, und zwar gegen Tollwut, Parvovirose, Staupe, Hepatitis und Leptospirose, m\u00f6glichst auch Zwingerhusten. F\u00fcr die Welpenkurse sind die dem Alter angemessenen Impfungen nachzuweisen. Der\/die Unterzeichnende versichert, dass eine g\u00fcltige Haftpflichtversicherung f\u00fcr den Hund besteht. Der\/die Hundehalter\/in haftet f\u00fcr alle von seinem\/ihrem Hund w\u00e4hrend [&hellip;]<\/p>\n","protected":false},"author":1,"featured_media":121,"parent":93,"menu_order":0,"comment_status":"closed","ping_status":"closed","template":"","meta":[],"_links":{"self":[{"href":"http:\/\/hundeschule-dreamteam.eu\/index.php?rest_route=\/wp\/v2\/pages\/102"}],"collection":[{"href":"http:\/\/hundeschule-dreamteam.eu\/index.php?rest_route=\/wp\/v2\/pages"}],"about":[{"href":"http:\/\/hundeschule-dreamteam.eu\/index.php?rest_route=\/wp\/v2\/types\/page"}],"author":[{"embeddable":true,"href":"http:\/\/hundeschule-dreamteam.eu\/index.php?rest_route=\/wp\/v2\/users\/1"}],"replies":[{"embeddable":true,"href":"http:\/\/hundeschule-dreamteam.eu\/index.php?rest_route=%2Fwp%2Fv2%2Fcomments&post=102"}],"version-history":[{"count":4,"href":"http:\/\/hundeschule-dreamteam.eu\/index.php?rest_route=\/wp\/v2\/pages\/102\/revisions"}],"predecessor-version":[{"id":691,"href":"http:\/\/hundeschule-dreamteam.eu\/index.php?rest_route=\/wp\/v2\/pages\/102\/revisions\/691"}],"up":[{"embeddable":true,"href":"http:\/\/hundeschule-dreamteam.eu\/index.php?rest_route=\/wp\/v2\/pages\/93"}],"wp:featuredmedia":[{"embeddable":true,"href":"http:\/\/hundeschule-dreamteam.eu\/index.php?rest_route=\/wp\/v2\/media\/121"}],"wp:attachment":[{"href":"http:\/\/hundeschule-dreamteam.eu\/index.php?rest_route=%2Fwp%2Fv2%2Fmedia&parent=102"}],"curies":[{"name":"wp","href":"https:\/\/api.w.org\/{rel}","templated":true}]}}